igit of w?
2
Suppose 9*n - 26 = 4*n + 3*z, 3*n - 10 = -z. Suppose 32 = -2*g + n*x, 7*g + 73 = 4*g + x. Let k = g + 35. What is the units digit of k?
9
Let b(d) = 2651*d + 206. What is the tens digit of b(1)?
5
Let t = -320 + 310. What is the units digit of 1242 + t + 6 + -4?
4
Let o(h) = h**3 - 11*h**2 + 18*h + 2197. What is the hundreds digit of o(34)?
3
Suppose 2*g = 18 + 10. Let p be 22/(-77) + 452/g. Suppose -5*j = 5*h - 120, -j - h = -2*h - p. What is the tens digit of j?
2
Suppose -4*k = 20 + 8. Let q(u) = -81*u + 56. What is the hundreds digit of q(k)?
6
Suppose 16*h - 73*h + 36*h + 388080 = 0. What is the thousands digit of h?
8
Let c(s) = 2*s**3 - 2*s**2 - 4*s + 1. Let q be c(3). Suppose 28 + q = l. Suppose -l = -a + 53. What is the hundreds digit of a?
1
Let j(l) be the second derivative of 3*l**4/4 + l**3/3 - 15*l**2/2 - 7*l. Suppose -g = -13*g + 60. What is the tens digit of j(g)?
2
Suppose -31*p = -30*p - 10. Suppose p*l + 265 = 5*a + 12*l, 159 = 3*a - 5*l. Let t = a - -25. What is the units digit of t?
8
Suppose 10 = 18*w - 13*w, -3*w - 10684 = -2*u. What is the units digit of u?
5
Let x be 1 - (-3 + 2 + -85). Let p(k) = -45*k**2 + 6*k + 2. Let u be p(-1). Let f = x + u. What is the units digit of f?
8
Suppose -103438 = -9*b + 74582. What is the tens digit of b?
8
Let w = -167 - -169. Suppose 5*l + 4*m - 3629 = 0, 0 = w*l - 4*l - 3*m + 1453. What is the tens digit of l?
2
Let b(v) = v**2 - v + 9. Let r be b(0). What is the units digit of 6168/r + 3/(-9)?
5
Let c = 31941 - 17079. What is the thousands digit of c?
4
Let v = 10229 - -3255. What is the thousands digit of v?
3
Suppose 5*r = -3*y + 101820, 2*r - 40728 = y + 3*y. What is the hundreds digit of r?
3
Let q = -830 - -6527. What is the units digit of q?
7
Let g = 1320 - 858. Suppose 2*t - 11*l + 8*l = g, -t + 240 = 3*l. What is the tens digit of t?
3
Let a = -115 + 122. Suppose -s + 17 = a. Suppose s*d = -0*d + 1690. What is the hundreds digit of d?
1
Let r = 18822 - -12593. What is the tens digit of r?
1
Suppose 9978 = 14*v - v - 167095. What is the tens digit of v?
2
Let l(q) = 80*q - 28. Let b be l(3). Suppose -4*m + 344 - b = 0. What is the tens digit of m?
3
Let j(d) = -2*d**2 + 23*d + 72. Let s be j(14). What is the units digit of ((-863)/s)/(0 - (-1)/(-2))?
3
Let f be 103512/(-380)*(0 + 15/(-2)). Suppose 38835 = 36*j + f. What is the tens digit of j?
2
Let y be 14/35 - 276/(-10). What is the tens digit of (y/(-6) + 4 - -1)*1839?
1
Suppose -7*r - 3*r + 200 = 0. Suppose -r + 8 = -6*q. Suppose 0 = -3*z + 9, -q*b + 9*z - 4*z + 425 = 0. What is the hundreds digit of b?
2
Suppose 2*x - 6 = h - 0, -2*h + 3*x = 17. Suppose -2*z = -4, -5*p + 47 = -3*z - 32. Let m = p + h. What is the units digit of m?
1
Let b(j) = -23*j + j**2 - 3 - 16 + 61*j - 44*j. Suppose -24 = -3*l + 3. What is the units digit of b(l)?
8
Let i be (66 - 64) + -1 + -252 + 0. Let d = i + 465. What is the units digit of d?
4
Let o(c) = 4*c + 11. Let j(b) = -4*b - 37. Let p be j(-12). Let i be o(p). Suppose -350 = -5*g + i. What is the units digit of g?
1
Let f = 9741 - 9490. What is the hundreds digit of f?
2
Let u(i) = -i**3 + 12*i**2 - 8*i - 17. Let a be u(11). Let t be (a/5)/((-6)/(-30)). What is the hundreds digit of (90/(-4))/((-3)/t)?
1
Suppose -154 + 736 = 3*d. Let f = 5615 + -5608. Suppose -f*y = -768 + d. What is the units digit of y?
2
Suppose 2*o + 24 = -4. Let l(b) = b**3 + 13*b**2 - 17*b + 15. Let j be l(o). Suppose 3*r = j + 210. What is the units digit of r?
9
What is the hundreds digit of 1165/((5/(-2255))/(5/(-55)))?
7
Let v be (2 + 3)*(-2 - -1). Let t(d) = -61 + 128 - 68 - 13*d. What is the tens digit of t(v)?
6
Let s(q) = -1044*q - 7307. What is the hundreds digit of s(-55)?
1
Let x = 159 - -262. Suppose 4*h - 607 - x = 0. Suppose -3*d - 5*q + h = 78, -q = -5*d + 289. What is the tens digit of d?
5
Suppose -31*d - 84 = -24*d. What is the tens digit of 12987/108 - -3*(-3)/d?
2
Let x be (-4)/4 - (3 - 1). Let t be x/1 - 0*1/2. Let k(y) = 13*y**2 + 8*y + 3. What is the tens digit of k(t)?
9
Let m = 8846 + -6019. What is the hundreds digit of m?
8
Let g(a) = 283*a**3 - 13*a**2 - 50*a + 6. What is the ten thousands digit of g(6)?
6
Let x(i) = 8*i**2 + 93*i + 16. Suppose -12*m = -138 + 42. What is the tens digit of x(m)?
7
Let a = 40076 - -16656. What is the ten thousands digit of a?
5
Suppose -12 = 5*q - 11*q. Suppose 4*i + 1112 = 3*g, 0 = -4*g - 5*i + q*i + 1441. What is the units digit of g?
4
Let o = -67 - -122. Let b = o - 50. Suppose -b*n - 2*p = p - 200, -5*p + 200 = 5*n. What is the units digit of n?
0
Let u(d) = -33*d - 240. Let t be ((-188)/6)/((-48)/(-72)). What is the units digit of u(t)?
1
Suppose 8*q - q + 12*q = 0. Suppose q = 47*r - 24*r - 27140. What is the units digit of r?
0
Let w be ((-78)/(-4))/(-18 + 657/36). Suppose -6*y + y - 335 = 0. Let q = w + y. What is the units digit of q?
1
Suppose 66717 + 3845 = 4*w - 5*c, -70580 = -4*w - 4*c. What is the thousands digit of w?
7
Let m = 2974 - 2020. Suppose -60*b = -57*b - m. What is the tens digit of b?
1
Let s(m) be the second derivative of -11*m**6/180 - m**5/24 + 3*m**4 + 16*m. Let c(x) be the third derivative of s(x). What is the tens digit of c(-2)?
8
Let p be 2/(-6) + (-550)/6. Let g = 2028 + -1851. Let n = g + p. What is the tens digit of n?
8
Let b(u) = 2*u + 107. Suppose r + 104 = 5*r. What is the units digit of b(r)?
9
Let w be 9/(-12) + 69245/(-4). What is the units digit of (-7)/9 + 1 - w/18?
2
Let i(q) = 2*q**2 + 24*q + 1. Let o be i(-12). What is the tens digit of o/(5/1509) - (-5)/25?
0
Suppose -3*j = t - 712, -3*j + j + 472 = -2*t. Let w = j + -371. Let m = w - -224. What is the tens digit of m?
9
Let y(c) = 4*c**2 + 11*c + 3. Let j(z) = 3*z**2 + 10*z + 2. Let i(r) = -3*j(r) + 2*y(r). Let g be i(-6). What is the tens digit of ((-45)/g)/(3/(-2))*10?
2
Let b(k) = 7*k - 2. Let v(s) = 21*s - 7. Let r(a) = -11*b(a) + 4*v(a). Let x(i) = -i. Let g(h) = -r(h) - 5*x(h). What is the units digit of g(-5)?
6
What is the tens digit of (-23 - -24)*-2 - (-1 + -2 + -39806)?
0
Suppose -4*k = 0, -w + 13 = k + 2. Suppose 0 = -10*q + w*q - 429. What is the units digit of q?
9
Let m(z) = -7*z**3 - 17*z - 36. What is the hundreds digit of m(-6)?
5
Suppose -113*t = 5*t - 414298. What is the hundreds digit of t?
5
Suppose -3*a - 3*f = -264, f - 3 = -6. Suppose -a*j + 620 = -90*j. What is the hundreds digit of j?
6
Let r = -440 + 454. What is the tens digit of ((-6)/r)/((-21)/26313)?
3
Let a(x) = -13*x - 16. Let k be a(-10). Suppose -5*q = 3*i - 2*i - 56, -4*i + k = -2*q. Suppose i*g = 32*g - 137. What is the hundreds digit of g?
1
Suppose -5*d - u + 11278 = 0, -d - 9034 = -5*d + 5*u. What is the tens digit of d?
5
Let k(n) = 5*n**3 + 4*n**2 - 5*n + 2. Suppose -8*h + 3 = -7*h. Let q be k(h). What is the units digit of -3 - q*3/(-6)?
6
Suppose 0 = -5*w - 0*o - o - 211, -3*o - 171 = 4*w. What is the tens digit of (-4)/1 - (-549 - w)?
0
Let l(t) = 43*t**2 - 107*t - 692. What is the units digit of l(28)?
4
Suppose n = 5, 3*k + 4*n - 5489 - 147 = 0. Suppose 0 = 5*w - 13*w + k. What is the tens digit of w?
3
Let g(m) = 5 + 2 + 1 + 3 + 69*m. What is the units digit of g(3)?
8
Suppose 50*r + 603985 - 766795 = 794990. What is the units digit of r?
6
What is the tens digit of -12*((124068/189)/14)/((-1)/114)?
4
Let i be 1/7 - (-248)/28. Suppose 0 = -14*k + i*k. Suppose k = 3*w + 3*w - 618. What is the tens digit of w?
0
Suppose 50*l + 4*l - 137190 = 3*l. What is the units digit of l?
0
Let t(s) = s**2 + 22*s - 33. Let u be (3 - 4)/((-3)/51). What is the tens digit of t(u)?
3
Let x(s) be the second derivative of 5*s**4/12 - 5*s**3/3 - 22*s. Let u be x(7). Suppose 2*y - r - 260 = 0, 4*y = 4*r - u + 687. What is the tens digit of y?
3
What is the units digit of (-3)/((-4)/(-10 - -6)) - (8 - 47477)?
6
What is the hundreds digit of (((-5)/(-2))/(-1))/(13 + 172785/(-13290))?
2
Let t(k) = 68*k**2 + 4*k - 7. Let g be ((-60)/15)/(3*2/6). What is the thousands digit of t(g)?
1
Let r = 23 + -47. What is the tens digit of (-18)/r*1532 + 5?
5
Let g = 85 + -120. Let m = g + 55. What is the tens digit of m?
2
Suppose 5*z = -3*b - 32, -2*z + 106 - 1 = -5*b. Let m = b + 76. Suppose -w + 2*f = -m, -3*f + 49 = w - 23. What is the tens digit of w?
6
Let t be (424/(-